0 = u*j + j - 69. What are the prime factors of j?
23
Suppose 891*r = 890*r + 1818. What are the prime factors of r?
2, 3, 101
Let j be ((-6)/(-8))/((-4)/48). Let x(c) = -c - 1. Let b be x(j). Let m = 14 - b. What are the prime factors of m?
2, 3
What are the prime factors of (-15)/(-2)*(-558)/(-27)?
5, 31
Let p = -21 + 25. Suppose -f - p*i = -82, -144 = -f - f + 2*i. What are the prime factors of f?
2, 37
Let a = 147 + -105. Suppose -2*u + 0*s + 84 = -2*s, -3*s + a = u. What are the prime factors of u?
2, 3, 7
Suppose 0 = 3*a - 3*t - 24, -2*t - t = -2*a + 21. Suppose y = 5*x - 734, x = a*y + 2*y + 166. List the prime factors of x.
2, 73
Suppose -k = 2*z - 364, -z = -5*k - 6*z + 1800. Suppose k + 236 = 8*q. What are the prime factors of q?
2, 37
List the prime factors of (100/(-10) - -1958) + 8 + -3.
3, 7, 31
Let t(s) = 153*s - 3. Let v be t(1). Let c = -17 + v. What are the prime factors of c?
7, 19
Let u be 2043/54 - (-2)/12. Let z = 63 + u. Let d = -55 + z. What are the prime factors of d?
2, 23
Let i(r) = -3*r + 2. Let b(n) = 2*n - 1. Let f(t) = 5*b(t) + 3*i(t). Let z be f(5). Suppose -z = -g + 39. What are the prime factors of g?
3, 5
Let t(i) = 3*i - 15. Let b be t(9). List the prime factors of 3/(-6)*-323 - (-6)/b.
2, 3
Let y = 137 - 30. Let n = 156 - y. List the prime factors of n.
7
Let s = -30 - -49. Suppose -21 = -5*l + s. What are the prime factors of l?
2
Let p(n) be the first derivative of n**2 - 13*n + 41. Suppose 3*f + 2*o = 34, 4*f - 3*o - 1 = 2*f. What are the prime factors of p(f)?
3
Suppose 4*b + 3*p = -48, 2*p + 5 = -b - 2. Let d = -302 - -307. Let f = d - b. What are the prime factors of f?
2, 5
Suppose 62 = -5*m + 3*g, 2*g - 42 = 3*m - g. Let a = 27 + m. What are the prime factors of a?
17
Suppose 2*a - 4*x + 3 + 1 = 0, -2*x + 8 = 0. Let i = -26 + 22. Let w = a + i. What are the prime factors of w?
2
Suppose h - 12 = 3*h. Let a(u) = -6*u + 1. List the prime factors of a(h).
37
Let q(z) = -38*z + 18. Let f be q(-2). What are the prime factors of f - 12/(-3 - -7)?
7, 13
Suppose 0 = -4*q + 19 + 1, -2*h + 355 = q. Suppose 10*j - 5*j = h. What are the prime factors of j?
5, 7
Let x be 0/2 + 20/5. Suppose x*w = -k - k + 130, w = -4*k + 43. Let f = -27 + w. What are the prime factors of f?
2
Suppose 2*x = -2*x. Suppose x = 4*q + 31 + 149. Let k = -32 - q. What are the prime factors of k?
13
Suppose -3*i + h - 2*h = -1672, -i = -h - 564. What are the prime factors of i?
13, 43
Let q = 2478 + -1258. What are the prime factors of q?
2, 5, 61
Suppose -5*v - 6006 + 25248 = -4*t, 0 = 2*v + 4*t - 7680. What are the prime factors of v?
2, 3, 641
Suppose 8591 - 2134 = 11*s. What are the prime factors of s?
587
Let z be (-11)/22 - (-18)/4. Let t(n) = 6 + 3*n - z - 12. What are the prime factors of t(12)?
2, 13
Suppose 64046 = 42*h + 20*h. What are the prime factors of h?
1033
Let s = 2005 + -1245. What are the prime factors of s?
2, 5, 19
What are the prime factors of (-11660)/(-30)*(-9)/(-6)?
11, 53
Suppose 1392 = 8*z - 2*z. Let m = 332 - z. List the prime factors of m.
2, 5
Let z(y) be the first derivative of -33*y**4/4 + y**2/2 + 4. What are the prime factors of z(-1)?
2
Suppose -2*q + 3*y + 566 = -5650, -5*q + 15550 = -5*y. List the prime factors of q.
2, 3, 173
Suppose 134*p = 121*p + 10231. What are the prime factors of p?
787
Suppose -2*y + 20 = 2. Let k = 12 - y. Suppose 6*j = k*j + 51. List the prime factors of j.
17
Let y = -646 - -1087. What are the prime factors of y?
3, 7
Suppose 25*f - 29665 - 9135 = 0. What are the prime factors of f?
2, 97
Let r = -12 - -1266. What are the prime factors of r?
2, 3, 11, 19
Let d = -35 + 38. Suppose -d*n + 7*n - 424 = 0. List the prime factors of n.
2, 53
Let p(q) = q**2 - 3*q - 5. Let d be ((-4)/3)/(-4)*24. Let a be (-1)/((d/(-14))/4). List the prime factors of p(a).
23
Let s = -1019 - -2099. What are the prime factors of ((-2)/(-5))/(6/s)?
2, 3
Let m(l) = -18*l - 3. Let f(n) = -1. Let y(q) = -9*f(q) - m(q). Let o be y(6). Suppose 6*c - o = c. What are the prime factors of c?
2, 3
Let r be (-4)/(-20) - 20/(-25). Suppose -r - 11 = 3*t, 116 = 3*u - 2*t. What are the prime factors of u?
2, 3
Suppose -56*l + 893 = -51*l - c, 2*c = 4. List the prime factors of l.
179
Suppose -k = -3*g, -7*k + 8*k + 2*g = 10. Suppose 0 = -x + 3*x - 4. Suppose -x*h = -k*h + 136. List the prime factors of h.
2, 17
Let o(t) = -4*t**3 - 5*t**2 + 6. Let s be o(-3). Let w = s - 36. What are the prime factors of w?
3, 11
Let u = -94 + 42. Let l = u - -108. Suppose -2*m - l = -6*m. List the prime factors of m.
2, 7
Let f = -1354 + 2078. List the prime factors of f.
2, 181
Let v = -1941 - -4466. List the prime factors of v.
5, 101
Let z = 24 + -10. Suppose v - z = -v. What are the prime factors of v?
7
Suppose 0 = -8*w + 6598 + 3458. List the prime factors of w.
3, 419
Let q = 1906 - 1136. List the prime factors of q.
2, 5, 7, 11
Suppose 5733 = 3*y - 3*z, y + 33*z - 35*z = 1912. What are the prime factors of y?
2, 5, 191
Suppose -16 = -4*t, 2*s + 0*s - 26 = -5*t. Suppose 0 = -2*f + 5*i + 56, -4*f + 2*i = -5*f + 19. Suppose -s*q + 10 = -f. What are the prime factors of q?
11
Let t be (-52)/(-6) + (-16)/(-12). Let x(i) = -i**2 + 14*i - 16. What are the prime factors of x(t)?
2, 3
Let a(k) = -2*k - 39. Suppose -6*d + 3*d = 0. Let v be a(d). Let h = -25 - v. What are the prime factors of h?
2, 7
Suppose -5*i = -9*i - 3*g + 810, -3*i + 5*g + 622 = 0. What are the prime factors of i?
2, 3, 17
Let n be (-3)/2 + (-91)/(-14). Let i(t) = t**3 - 4. List the prime factors of i(n).
11
Suppose -3*j + 4*i = -27, -2*i - 7 = 4*j - 21. Suppose 2*r = -j*s - 3*r + 705, 4*r = -5*s + 700. List the prime factors of s.
2, 17
Let i(d) = -d**3 + 5*d**2 + 8*d - 5. Let t be i(6). Suppose t*b - 9*b = -282. What are the prime factors of b?
3, 47
Let o = 27 - 22. Suppose -2*d - o = 3*r, -4*r + d + 0 = 3. What are the prime factors of (r + 7)*17/2?
3, 17
Suppose 4*s - 48 = -2*s. List the prime factors of 1 + (-8)/(s/(-45)).
2, 23
Let n(b) = -2*b**2 - 28*b + 4. Let o be n(-14). Let x(t) = 8*t**2 + 1. List the prime factors of x(o).
3, 43
Suppose -2 = 5*p + 13. Let f be 7/p + 2/6. What are the prime factors of 98/(0/3 - f)?
7
Let x = -8353 - -12096. What are the prime factors of x?
19, 197
Suppose 5*a - 1310 = -310. Suppose 3*d = 3*m + 216, -3*d + 0*m - 5*m + a = 0. List the prime factors of d.
2, 5, 7
Let c = -1 - -17. Suppose c*m + 1052 = 20*m. What are the prime factors of m?
263
Let v(q) = -84*q - 1. Suppose 7 - 1 = -6*z. List the prime factors of v(z).
83
Let v(n) = 6*n**2 - 14*n + 227. What are the prime factors of v(-18)?
2423
Let g(o) = 20*o**2. Let b be -2*2/(3 - 7). What are the prime factors of g(b)?
2, 5
Suppose 30 = 5*r + 5*a, -5*r - a = 3 - 17. Suppose 7 = -r*b - 1. Let o(i) = -4*i - 5. What are the prime factors of o(b)?
11
Let h be 4 - 3*(318 - 5). Let a = -661 - h. List the prime factors of a.
2, 137
Let b(h) = -2*h**2 - 5*h - 2. Let m be b(-3). Let f(s) = -7*s - 4. Let d(l) = -5*l - 5. Let z(w) = -3*d(w) + 2*f(w). What are the prime factors of z(m)?
2
Let b be 1 + 3/(-2)*-2. List the prime factors of 282/8 - (29/b - 7).
5, 7
Let b = -99 - -495. What are the prime factors of b?
2, 3, 11
Let j(q) be the first derivative of -q**4/4 + 13*q**3/3 - 6*q**2 - 3*q + 39. List the prime factors of j(9).
3, 71
Suppose -4*q - 43 = -3*s, q = -1 - 0. Let k = 54 + s. What are the prime factors of k?
67
Suppose 7*p = 8*p + 16. Let b = p + 22. Suppose -3*w + b = 0, 5*w - 27 = -3*d + 2*d. List the prime factors of d.
17
Let n(w) = 211*w + 56. What are the prime factors of n(6)?
2, 661
Suppose -16*t + 4 = -14*t. Suppose -5*p + 25 = 5*y, -y - 8 = -p - 5*y. Suppose 4*j + t*i - 37 - 67 = 0, p*j - i - 104 = 0. What are the prime factors of j?
2, 13
Suppose r - 4*r = -3. Let z be (r + 0)/((-2)/10). Let b(f) = f**2 - 2. List the prime factors of b(z).
23
Let x(h) = 2*h**2 + 6*h + 6. List the prime factors of x(-13).
2, 7, 19
Suppose -7*n + 5 = -2. Let w(a) = 15*a**3 + 3*a - 3. List the prime factors of w(n).
3, 5
Suppose -4 + 6 = j. Let y be (-2289)/(-35) + j/(-5). Let c = y + -25. What are the prime factors of c?
2, 5
Let d(h) = 311*h - 16. List the prime factors of d(4).
2, 307
Let i be 0/1*(-3)/3. Suppose s + i*q - 207 = -2*q, -3*s - q = -606. List the p